der when s(-70) is divided by 94?
92
Let v = -5659 + 5744. What is the remainder when 355 is divided by v?
15
Suppose 2*n + 52 + 20 = 0. Let y be n/16 + -4 - 2/(-8). What is the remainder when 87 is divided by (3/y)/1 - (-182)/4?
42
Suppose 2*b = -2*k + 28, 4*k - 2*k = b - 8. Suppose z = -4*l + 6*z + 172, 0 = 3*z + b. Calculate the remainder when 150 is divided by l.
36
Let t(h) = h**3 - 88*h**2 + 3*h + 191. Calculate the remainder when t(88) is divided by 114.
113
Suppose -2*t = -g - 3*g + 148, -8 = -4*t. Suppose -g = -18*q + 17*q. Let b = 48 - q. What is the remainder when 26 is divided by b?
6
Suppose -3*x + 270 = 2*x. Suppose 37 = -t + x. Let z(s) = -s**3 - 7*s**2 - 3*s - 11. Calculate the remainder when t is divided by z(-7).
7
Let p(w) = -w**3 - w**2 - 2*w + 4. Let q be p(0). Suppose -3*i = -11*y + 6*y + 50, -4*y + q*i = -32. What is the remainder when 155 is divided by y?
12
Suppose 0 = 3*c - 12, -4*o + 4648 = 11*c - 12*c. Calculate the remainder when o is divided by 53.
50
Suppose 16*a - 18339 - 1853 - 10480 = 0. What is the remainder when a is divided by 96?
93
Calculate the remainder when 21864/17 - (-74)/(-629) is divided by 117.
116
Let a = -31089 + 35347. What is the remainder when a is divided by 71?
69
Let z(r) = -24*r. Let n be z(0). Suppose n = -27*f + 265 + 1949. What is the remainder when f is divided by 51?
31
Suppose -3*a + 1187 = 5*b, 99*a + 1522 = 103*a - 2*b. What is the remainder when a is divided by 361?
23
Suppose -4*o - 40552 = -4*z, 192*z - 10*o = 191*z + 10165. What is the remainder when z is divided by 37?
34
Suppose 0 = -17*n + 43 + 93. What is the remainder when (331 - n) + 0 - (-6)/1 is divided by 15?
14
Let d = 7189 - 7157. What is the remainder when 573 is divided by d?
29
Let x(p) = 189*p + 1169. Let n be -1*(1 - (-3)/(-3)). Suppose n = -2*v - 2*f + 5*f + 140, -4*f - 8 = 0. Calculate the remainder when v is divided by x(-6).
32
Suppose 5*y + 568 = 9*y. Suppose 197*j - 195*j = y. What is the remainder when j is divided by 27?
17
Suppose 2*l + 3 - 15 = 0. Suppose -l*u = -3*u - 30. Let m(n) = 2*n**3 - 22*n**2 + 22*n - 2. Calculate the remainder when m(u) is divided by 10.
8
Let c = 681 - 666. Suppose -c*n + 14*n - 4*l = -259, 2*l - 817 = -3*n. Calculate the remainder when n is divided by 69.
68
Let o(a) = 486*a + 2188. What is the remainder when o(30) is divided by 41?
40
Suppose -5*n = q + 23, 4*q + 33 = 8*q - 5*n. Suppose 5*c + q*o = 315, -10*c - 2*o + 252 = -6*c. What is the remainder when 188 is divided by c?
62
Let w(a) be the first derivative of 1/3*a**3 + 10*a - 7/2*a**2 + 9. What is the remainder when 15 is divided by w(6)?
3
Let j(w) = 33*w + 1088. What is the remainder when j(13) is divided by 40?
37
Calculate the remainder when -11 + 4 + 4 - 794/(-1) is divided by 85.
26
Suppose -h - 1 = -5*f + 49, -3*f + 126 = 9*h. Suppose -3*x + 19 = 1. What is the remainder when h is divided by x?
4
Suppose -21*s - 7*s + 64932 = -v, -3*v + 4638 = 2*s. Calculate the remainder when s is divided by 58.
57
Suppose 41 = 13*b - 102. Calculate the remainder when 193 is divided by b.
6
Let v = 53 + 3. Suppose 560 = 9*z + v. Let l(n) = 2*n**2 + 4*n + 4. What is the remainder when z is divided by l(-4)?
16
Let q = -566 - -504. Calculate the remainder when q*((-6)/(-6))/(6/(-33)) is divided by 23.
19
What is the remainder when ((-4)/(-7) - 27560/(-182)) + (0 - -2) is divided by 14?
0
Let a = 1083 - 1098. Suppose 5*w - 90 = -5*q, q + 2*w = -4*q + 90. Let b = q - a. What is the remainder when 129 is divided by b?
30
Let j(m) be the third derivative of -m**6/60 + m**5/6 - m**4/8 - 11*m**3/6 + 7*m**2. What is the remainder when 26 is divided by j(4)?
8
Suppose 0 = 80*y - 6432 + 4272. Calculate the remainder when 2265 is divided by y.
24
Suppose -5*y + l + 63 = 0, 0 = 3*y - 8*l + 6*l - 42. Let a(i) = -4*i**2 + 51*i - 17. What is the remainder when 21 is divided by a(y)?
2
Suppose 0*o - 2*d - 55 = -3*o, 5*o - 94 = d. Calculate the remainder when 721 is divided by o.
18
Let p = 212 + -82. What is the remainder when p is divided by (4/6 - (-8 + -9)/(-51))*36?
10
Suppose 10*m + 8 = 98. Let p(u) = 4*u - 10. Let w be p(4). Let f = w - -16. Calculate the remainder when f is divided by m.
4
Suppose 0*i = 4*x + 3*i - 1, -x - 1 = i. Calculate the remainder when -20*(-17)/34*9/6 is divided by x.
3
Let k = -5311 - -5340. Suppose 0*v - 6 = 4*v - 2*f, -7 = 4*v - 3*f. Calculate the remainder when k is divided by 17 - (v - (-1 + 0)).
12
Let r(f) be the first derivative of -10*f**2 - 107*f + 52. What is the remainder when 72 is divided by r(-6)?
7
Let s = 774 + -419. Let l = 13266 + -13177. Calculate the remainder when s is divided by l.
88
Let o = 2880 - 2166. What is the remainder when o is divided by 189?
147
Suppose -29*d + 16 + 13 = 0. What is the remainder when 10 is divided by 3 + d + 1/((-3)/(-12))?
2
Let o be 5 + -1 - 4/(-1). Suppose o*v - 16 = -0. What is the remainder when 263 + (0 - 3) + v is divided by 53?
50
Suppose 6*r - 2*r + 3*o = 10, 4*r - 6 = -5*o. Let k = 4 - r. Suppose -4*n = -5*j + 33 + 56, -2*j + 5*n + 39 = k. Calculate the remainder when j is divided by 5.
2
Let y = -2219 + 5131. What is the remainder when y is divided by 18?
14
Suppose 0 = 2*i + 2*n - 10, 5*i + n = 11 + 14. Let j(g) = 9*g + 9 + 5 + 3*g**2 + 10*g - 24*g. Calculate the remainder when j(i) is divided by 13.
12
Let p(t) = 280 + 280 - 556 + t**2 - 3*t. Calculate the remainder when 263 is divided by p(8).
43
Let a = -13 - -22. Let n be (-6 + -2 - 18/6) + -4. Let w = 30 + n. What is the remainder when w is divided by a?
6
Let w = 11 - 5. Let x be 4/6*(-105)/(-14). Suppose -x*g + 130 = -5*k, -g - 3 = 3*k - 37. Calculate the remainder when g is divided by w.
4
Suppose 70 + 4312 = p + 13*p. What is the remainder when 1152 is divided by p?
213
Let d = -429 - -427. Suppose -76 - 14 = -5*w. Calculate the remainder when 2 + d*(-67)/2 is divided by w.
15
Calculate the remainder when 91/3*1068/1246 is divided by 16.
10
Let r(m) = -32*m + 157. Let j be 2/23 - 900/(-230). Let l(g) = g**3 + 6*g**2 - 8*g + 10. Calculate the remainder when r(j) is divided by l(-7).
12
Suppose 3*k - 5 = 1. Let a = 566 + -563. Suppose 0 = 2*y - 4*y - a*f + 38, -k*y = -f - 22. What is the remainder when 51 is divided by y?
12
Let s(p) = -p**3 + 11*p**2 + 21*p - 50. Let a be s(12). Suppose 0 = 5*x - 2*n - a, -2*x + 7*x = -3*n + 63. What is the remainder when 107 is divided by x?
11
Let b = -97 - -68. Let a = -18 - b. Suppose 5*n - 955 = -5*j, -249*n - 975 = -5*j - 250*n. Calculate the remainder when j is divided by a.
9
Let f = -386 + 406. Let r(n) = 6*n - 12. Calculate the remainder when r(10) is divided by f.
8
Suppose 182870 = 85*p + 74*p - 288088. Calculate the remainder when p is divided by 76.
74
Let n(m) = 19*m - 358. What is the remainder when 527 is divided by n(22)?
47
Let r(k) = k**3 - 13*k**2 + 12*k + 5. Let u be r(12). Let j = 21 - u. Suppose -11 = 3*b - 38. What is the remainder when j is divided by b?
7
What is the remainder when 12 - 1620/(-9) - (-4)/(-2) is divided by 64?
62
Suppose -4*l = 5*v - 321, 2*l = 7*v - 4*v + 133. Suppose -4*d = -w - 55, 5*d + 4*w - l = -0*d. Calculate the remainder when 41 is divided by d.
13
Suppose 2*f + 2*g = -3*g + 99, 0 = -2*f + 3*g + 91. Suppose -52*t - 75*t + 58696 = 126*t. What is the remainder when t is divided by f?
44
Let y(b) = -9 - 21*b + 30 + 10*b + b**2 + 0*b**2. Suppose w + 12*f - 15*f = 15, -w = 4*f - 15. Calculate the remainder when y(w) is divided by 28.
25
Suppose -10*t = -0*t + t - 1353. Calculate the remainder when 193 is divided by t.
70
Let t(y) = 109*y - 319. What is the remainder when 332 is divided by t(3)?
4
Let p be 834*(-2 - 21/(-9)). Suppose -273*i = -p*i + 105. What is the remainder when 205 is divided by i?
16
Suppose 5*r = 8 + 22. Let q(a) = 9*a + 47. Let j(x) = -10*x - 47. Let u(t) = r*q(t) + 5*j(t). Calculate the remainder when 39 is divided by u(-9).
6
Let l = 3840 - 3624. Calculate the remainder when l is divided by 55.
51
Suppose c = 3*c + c. Suppose -6*j + 4*j + 204 = c. What is the remainder when (4/6)/(1/j) is divided by 14?
12
Let n(z) = 29*z**2 - 71*z + 26. Calculate the remainder when n(7) is divided by 305.
35
Suppose 5*f - 115 = 6*f. Let h = -36 - f. What is the remainder when h is divided by 165/4 - 